{"id":10,"date":"2021-07-26T16:35:54","date_gmt":"2021-07-26T16:35:54","guid":{"rendered":"https:\/\/www.santivazquez.com\/?page_id=10"},"modified":"2022-02-09T18:43:44","modified_gmt":"2022-02-09T18:43:44","slug":"santi-vazquez","status":"publish","type":"page","link":"https:\/\/www.santivazquez.com\/","title":{"rendered":"Santi V\u00e1zquez"},"content":{"rendered":"<p>[et_pb_section fb_built=&#8221;1&#8243; admin_label=&#8221;Header&#8221; _builder_version=&#8221;4.9.10&#8243; background_color=&#8221;rgba(0,0,0,0.8)&#8221; background_image=&#8221;https:\/\/www.santivazquez.com\/wp-content\/uploads\/2021\/07\/santiagos.jpg&#8221; background_blend=&#8221;soft-light&#8221; overflow-x=&#8221;hidden&#8221; overflow-y=&#8221;hidden&#8221; custom_margin=&#8221;||12px|||&#8221; custom_padding=&#8221;19vw||19vw||true|false&#8221;][et_pb_row _builder_version=&#8221;4.4.5&#8243;][et_pb_column type=&#8221;4_4&#8243; _builder_version=&#8221;4.4.5&#8243;][et_pb_image src=&#8221;https:\/\/www.santivazquez.com\/wp-content\/uploads\/2021\/07\/freelance-writer-05.png&#8221; title_text=&#8221;freelance-writer-05&#8243; _builder_version=&#8221;4.9.10&#8243; width=&#8221;100%&#8221; custom_margin=&#8221;||-192px|-20vw|false|false&#8221; custom_margin_phone=&#8221;|||-380px|false|false&#8221; custom_margin_last_edited=&#8221;off|desktop&#8221; filter_invert=&#8221;100%&#8221;][\/et_pb_image][et_pb_text _builder_version=&#8221;4.4.5&#8243; header_font=&#8221;Cutive Mono||||||||&#8221; header_text_color=&#8221;#000000&#8243; header_font_size=&#8221;100px&#8221; header_letter_spacing=&#8221;-0.1em&#8221; header_2_text_color=&#8221;#000000&#8243; z_index=&#8221;1&#8243; max_width=&#8221;800px&#8221; header_font_size_tablet=&#8221;64px&#8221; header_font_size_phone=&#8221;32px&#8221; header_font_size_last_edited=&#8221;on|phone&#8221; header_letter_spacing_tablet=&#8221;-8px&#8221; header_letter_spacing_phone=&#8221;-4px&#8221; header_letter_spacing_last_edited=&#8221;off|tablet&#8221;]<\/p>\n<h1><span style=\"color: #ffffff;\">Santi V\u00e1zquez<\/span><\/h1>\n<p>[\/et_pb_text][et_pb_text _builder_version=&#8221;4.9.10&#8243; header_font=&#8221;Cutive Mono||||||||&#8221; header_text_color=&#8221;#000000&#8243; header_font_size=&#8221;100px&#8221; header_letter_spacing=&#8221;-0.1em&#8221; header_2_text_color=&#8221;#000000&#8243; z_index=&#8221;1&#8243; max_width=&#8221;800px&#8221; header_font_size_tablet=&#8221;64px&#8221; header_font_size_phone=&#8221;32px&#8221; header_font_size_last_edited=&#8221;on|phone&#8221; header_letter_spacing_tablet=&#8221;-8px&#8221; header_letter_spacing_phone=&#8221;-4px&#8221; header_letter_spacing_last_edited=&#8221;off|tablet&#8221;]<\/p>\n<h4 style=\"text-align: right;\"><span style=\"color: #ffffff;\">M\u00fasico, docente, pai &#8230; e unhas &#8220;poucas&#8221; cousas m\u00e1is.<\/span><\/h4>\n<p>[\/et_pb_text][et_pb_social_media_follow _builder_version=&#8221;4.9.10&#8243; _module_preset=&#8221;default&#8221;][et_pb_social_media_follow_network social_network=&#8221;facebook&#8221; url=&#8221;https:\/\/www.facebook.com\/santi.vazquez.bass&#8221; _builder_version=&#8221;4.9.10&#8243; _module_preset=&#8221;default&#8221; background_color=&#8221;#3b5998&#8243; follow_button=&#8221;off&#8221; url_new_window=&#8221;on&#8221;]facebook[\/et_pb_social_media_follow_network][et_pb_social_media_follow_network social_network=&#8221;twitter&#8221; _builder_version=&#8221;4.9.10&#8243; _module_preset=&#8221;default&#8221; background_color=&#8221;#00aced&#8221; follow_button=&#8221;off&#8221; url_new_window=&#8221;on&#8221;]twitter[\/et_pb_social_media_follow_network][et_pb_social_media_follow_network social_network=&#8221;instagram&#8221; url=&#8221;https:\/\/www.instagram.com\/santi.vazquez.bass\/&#8221; _builder_version=&#8221;4.9.10&#8243; _module_preset=&#8221;default&#8221; background_color=&#8221;#ea2c59&#8243; follow_button=&#8221;off&#8221; url_new_window=&#8221;on&#8221;]instagram[\/et_pb_social_media_follow_network][\/et_pb_social_media_follow][\/et_pb_column][\/et_pb_row][\/et_pb_section][et_pb_section fb_built=&#8221;1&#8243; admin_label=&#8221;About&#8221; _builder_version=&#8221;4.4.5&#8243; overflow-x=&#8221;hidden&#8221; overflow-y=&#8221;hidden&#8221; locked=&#8221;off&#8221;][et_pb_row _builder_version=&#8221;4.4.5&#8243;][et_pb_column type=&#8221;4_4&#8243; _builder_version=&#8221;4.4.5&#8243;][et_pb_text _builder_version=&#8221;4.9.10&#8243; header_font=&#8221;Cutive Mono||||||||&#8221; header_text_color=&#8221;#000000&#8243; header_font_size=&#8221;90px&#8221; header_letter_spacing=&#8221;-0.1em&#8221; header_2_font=&#8221;Cutive Mono||||||||&#8221; header_2_text_color=&#8221;#000000&#8243; header_2_font_size=&#8221;31px&#8221; background_image=&#8221;https:\/\/www.santivazquez.com\/wp-content\/uploads\/2021\/07\/freelance-writer-06.png&#8221; background_size=&#8221;initial&#8221; background_position=&#8221;bottom_left&#8221; z_index=&#8221;1&#8243; hover_enabled=&#8221;0&#8243; header_font_size_tablet=&#8221;64px&#8221; header_font_size_phone=&#8221;32px&#8221; header_font_size_last_edited=&#8221;on|phone&#8221; header_letter_spacing_tablet=&#8221;-8px&#8221; header_letter_spacing_phone=&#8221;-4px&#8221; header_letter_spacing_last_edited=&#8221;off|tablet&#8221; filter_opacity=&#8221;52%&#8221; filter_hue_rotate=&#8221;181deg&#8221; sticky_enabled=&#8221;0&#8243;]<\/p>\n<h2>Benvido ao meu site. Ch\u00e1manme Santi e &#8230;<\/h2>\n<p>[\/et_pb_text][et_pb_image src=&#8221;https:\/\/www.santivazquez.com\/wp-content\/uploads\/2021\/07\/freelance-writer-05.png&#8221; title_text=&#8221;freelance-writer-05&#8243; align=&#8221;center&#8221; _builder_version=&#8221;4.4.5&#8243;][\/et_pb_image][\/et_pb_column][\/et_pb_row][et_pb_row column_structure=&#8221;3_5,2_5&#8243; _builder_version=&#8221;4.4.5&#8243;][et_pb_column type=&#8221;3_5&#8243; _builder_version=&#8221;4.4.5&#8243;][et_pb_text _builder_version=&#8221;4.9.10&#8243; text_font=&#8221;Ubuntu||||||||&#8221; text_font_size=&#8221;16px&#8221; text_line_height=&#8221;1.8em&#8221; header_2_text_color=&#8221;#000000&#8243; header_5_font=&#8221;Cutive Mono|700|||||||&#8221; header_5_font_size=&#8221;18px&#8221; custom_margin=&#8221;||||false|false&#8221; custom_padding=&#8221;||2px|||&#8221; text_font_size_tablet=&#8221;14px&#8221; text_font_size_phone=&#8221;&#8221; text_font_size_last_edited=&#8221;on|phone&#8221;]<\/p>\n<h5>Levo dende os doce anos de idade pegado a un tromb\u00f3n, instrumento sen o que non se entender\u00eda quen son hoxe nin como cheguei ata aqu\u00ed.<\/h5>\n<p>[\/et_pb_text][et_pb_text _builder_version=&#8221;4.9.10&#8243; header_2_font=&#8221;Cutive Mono||||||||&#8221; header_2_text_color=&#8221;#777777&#8243; header_2_font_size=&#8221;29px&#8221; header_2_letter_spacing=&#8221;-0.08em&#8221; header_3_font=&#8221;Cutive Mono||||||||&#8221; header_3_text_color=&#8221;#000000&#8243; header_3_font_size=&#8221;60px&#8221; header_3_letter_spacing=&#8221;-0.08em&#8221; background_image=&#8221;https:\/\/www.santivazquez.com\/wp-content\/uploads\/2021\/07\/freelance-writer-19.png&#8221; background_size=&#8221;initial&#8221; background_position=&#8221;bottom_left&#8221; z_index=&#8221;1&#8243; hover_enabled=&#8221;0&#8243; header_2_font_size_tablet=&#8221;60px&#8221; header_2_font_size_phone=&#8221;30px&#8221; header_2_font_size_last_edited=&#8221;on|desktop&#8221; header_2_letter_spacing_tablet=&#8221;-6px&#8221; header_2_letter_spacing_last_edited=&#8221;off|phone&#8221; header_3_font_size_tablet=&#8221;50px&#8221; header_3_font_size_phone=&#8221;30px&#8221; header_3_font_size_last_edited=&#8221;on|phone&#8221; locked=&#8221;off&#8221; header_2_2_font_size_tablet=&#8221;60px&#8221; header_3_2_font_size_tablet=&#8221;60px&#8221; header_4_2_font_size_tablet=&#8221;60px&#8221; header_5_2_font_size_tablet=&#8221;60px&#8221; header_6_2_font_size_tablet=&#8221;60px&#8221; header_2_2_font_size_phone=&#8221;30px&#8221; header_3_2_font_size_phone=&#8221;30px&#8221; header_4_2_font_size_phone=&#8221;30px&#8221; header_5_2_font_size_phone=&#8221;30px&#8221; header_6_2_font_size_phone=&#8221;30px&#8221; header_2_2_font_size_last_edited=&#8221;on|phone&#8221; header_3_2_font_size_last_edited=&#8221;on|phone&#8221; header_4_2_font_size_last_edited=&#8221;on|phone&#8221; header_5_2_font_size_last_edited=&#8221;on|phone&#8221; header_6_2_font_size_last_edited=&#8221;on|phone&#8221; sticky_enabled=&#8221;0&#8243;]<\/p>\n<h2>&#8230;actualmente son:<\/h2>\n<p>[\/et_pb_text][et_pb_blurb title=&#8221;Profe de m\u00fasica&#8230;&#8221; image=&#8221;https:\/\/www.santivazquez.com\/wp-content\/uploads\/2021\/07\/check.png&#8221; icon_placement=&#8221;left&#8221; image_max_width=&#8221;20px&#8221; content_max_width=&#8221;100%&#8221; _builder_version=&#8221;4.9.10&#8243; header_font=&#8221;Cutive Mono|700|||||||&#8221; header_font_size=&#8221;22px&#8221; body_font=&#8221;Cutive Mono||||||||&#8221; body_line_height=&#8221;1.8em&#8221; custom_margin=&#8221;||10px||false|false&#8221; animation=&#8221;off&#8221; hover_enabled=&#8221;0&#8243; header_font_size_tablet=&#8221;&#8221; header_font_size_phone=&#8221;16px&#8221; header_font_size_last_edited=&#8221;on|phone&#8221; locked=&#8221;off&#8221; header_level=&#8221;h1&#8243; sticky_enabled=&#8221;0&#8243; body_font_size=&#8221;16px&#8221;]<\/p>\n<p>Este curso tocoume ser Profesor de M\u00fasica en Secundaria.<\/p>\n<p>[\/et_pb_blurb][et_pb_blurb title=&#8221;Trombonista&#8221; image=&#8221;https:\/\/www.santivazquez.com\/wp-content\/uploads\/2021\/07\/check.png&#8221; icon_placement=&#8221;left&#8221; image_max_width=&#8221;20px&#8221; content_max_width=&#8221;100%&#8221; _builder_version=&#8221;4.9.10&#8243; header_font=&#8221;Cutive Mono|700|||||||&#8221; header_font_size=&#8221;22px&#8221; body_font=&#8221;Cutive Mono||||||||&#8221; body_line_height=&#8221;1.8em&#8221; custom_margin=&#8221;||10px||false|false&#8221; animation=&#8221;off&#8221; hover_enabled=&#8221;0&#8243; header_font_size_tablet=&#8221;&#8221; header_font_size_phone=&#8221;16px&#8221; header_font_size_last_edited=&#8221;on|phone&#8221; locked=&#8221;off&#8221; header_level=&#8221;h1&#8243; sticky_enabled=&#8221;0&#8243; body_font_size=&#8221;16px&#8221;]<\/p>\n<p>Intentando ser m\u00fasico en activo todo o que nos deixa a situaci\u00f3n, que non \u00e9 pouco.\u00a0<\/p>\n<p>[\/et_pb_blurb][et_pb_blurb title=&#8221;Investigador en formaci\u00f3n&#8221; image=&#8221;https:\/\/www.santivazquez.com\/wp-content\/uploads\/2021\/07\/check.png&#8221; icon_placement=&#8221;left&#8221; image_max_width=&#8221;20px&#8221; content_max_width=&#8221;100%&#8221; _builder_version=&#8221;4.9.10&#8243; header_font=&#8221;Cutive Mono|700|||||||&#8221; header_font_size=&#8221;22px&#8221; body_font=&#8221;Cutive Mono||||||||&#8221; body_line_height=&#8221;1.8em&#8221; custom_margin=&#8221;||10px||false|false&#8221; animation=&#8221;off&#8221; hover_enabled=&#8221;0&#8243; header_font_size_tablet=&#8221;&#8221; header_font_size_phone=&#8221;16px&#8221; header_font_size_last_edited=&#8221;on|phone&#8221; locked=&#8221;off&#8221; header_level=&#8221;h1&#8243; sticky_enabled=&#8221;0&#8243; body_font_size=&#8221;16px&#8221;]<\/p>\n<p>Pois iso, aprendendo a investigar na UVigo, e isto vai levar un anaco.<\/p>\n<p>[\/et_pb_blurb][\/et_pb_column][et_pb_column type=&#8221;2_5&#8243; _builder_version=&#8221;4.4.5&#8243;][et_pb_image src=&#8221;https:\/\/www.santivazquez.com\/wp-content\/uploads\/2021\/07\/Santitrombon.jpg&#8221; title_text=&#8221;Santitromb\u00f3n&#8221; _builder_version=&#8221;4.9.10&#8243;][\/et_pb_image][et_pb_image src=&#8221;https:\/\/www.santivazquez.com\/wp-content\/uploads\/2021\/07\/freelance-writer-11-1.png&#8221; title_text=&#8221;freelance-writer-11&#8243; admin_label=&#8221;Image&#8221; _builder_version=&#8221;4.9.10&#8243; custom_margin=&#8221;-4vw|-20vw|-4vw|60px|true|false&#8221; custom_margin_tablet=&#8221;-10vw|60px|-10vw|-20vw|true|false&#8221; custom_margin_phone=&#8221;&#8221; custom_margin_last_edited=&#8221;on|tablet&#8221; hover_enabled=&#8221;0&#8243; locked=&#8221;off&#8221; filter_saturate=&#8221;99%&#8221; filter_sepia=&#8221;51%&#8221; filter_opacity=&#8221;79%&#8221; filter_invert=&#8221;91%&#8221; sticky_enabled=&#8221;0&#8243;][\/et_pb_image][et_pb_social_media_follow _builder_version=&#8221;4.4.5&#8243; text_orientation=&#8221;center&#8221; border_radii=&#8221;on|30px|30px|30px|30px&#8221; locked=&#8221;off&#8221;][et_pb_social_media_follow_network social_network=&#8221;facebook&#8221; _builder_version=&#8221;4.4.5&#8243; background_color=&#8221;#000000&#8243; background_enable_color=&#8221;on&#8221; custom_margin=&#8221;|8px||8px|false|true&#8221; custom_padding=&#8221;10px|10px|10px|10px|true|true&#8221; follow_button=&#8221;off&#8221; url_new_window=&#8221;on&#8221;]facebook[\/et_pb_social_media_follow_network][et_pb_social_media_follow_network social_network=&#8221;twitter&#8221; _builder_version=&#8221;4.4.5&#8243; background_color=&#8221;#000000&#8243; background_enable_color=&#8221;on&#8221; custom_margin=&#8221;|8px||8px|false|true&#8221; custom_padding=&#8221;10px|10px|10px|10px|true|true&#8221; follow_button=&#8221;off&#8221; url_new_window=&#8221;on&#8221;]twitter[\/et_pb_social_media_follow_network][et_pb_social_media_follow_network social_network=&#8221;instagram&#8221; _builder_version=&#8221;4.4.5&#8243; background_color=&#8221;#000000&#8243; background_enable_color=&#8221;on&#8221; custom_margin=&#8221;|8px||8px|false|true&#8221; custom_padding=&#8221;10px|10px|10px|10px|true|true&#8221; follow_button=&#8221;off&#8221; url_new_window=&#8221;on&#8221;]instagram[\/et_pb_social_media_follow_network][\/et_pb_social_media_follow][\/et_pb_column][\/et_pb_row][\/et_pb_section][et_pb_section fb_built=&#8221;1&#8243; admin_label=&#8221;Features&#8221; _builder_version=&#8221;4.9.10&#8243; background_color=&#8221;#c6c6c6&#8243;][et_pb_row _builder_version=&#8221;4.4.5&#8243; locked=&#8221;off&#8221;][et_pb_column type=&#8221;4_4&#8243; _builder_version=&#8221;4.4.5&#8243;][et_pb_image src=&#8221;https:\/\/www.santivazquez.com\/wp-content\/uploads\/2021\/07\/freelance-writer-07.png&#8221; title_text=&#8221;freelance-writer-07&#8243; align=&#8221;center&#8221; _builder_version=&#8221;4.4.5&#8243; custom_margin=&#8221;||10px||false|false&#8221; locked=&#8221;off&#8221;][\/et_pb_image][et_pb_text _builder_version=&#8221;4.9.10&#8243; header_2_font=&#8221;Cutive Mono||||||||&#8221; header_2_text_color=&#8221;#000000&#8243; header_2_font_size=&#8221;80px&#8221; header_2_letter_spacing=&#8221;-0.08em&#8221; background_image=&#8221;https:\/\/www.santivazquez.com\/wp-content\/uploads\/2021\/07\/freelance-writer-12.png&#8221; background_size=&#8221;initial&#8221; background_position=&#8221;bottom_center&#8221; z_index=&#8221;1&#8243; text_orientation=&#8221;center&#8221; hover_enabled=&#8221;0&#8243; header_2_font_size_tablet=&#8221;60px&#8221; header_2_font_size_phone=&#8221;30px&#8221; header_2_font_size_last_edited=&#8221;on|phone&#8221; header_2_letter_spacing_tablet=&#8221;-6px&#8221; header_2_letter_spacing_last_edited=&#8221;off|desktop&#8221; header_2_2_font_size_tablet=&#8221;60px&#8221; header_3_2_font_size_tablet=&#8221;60px&#8221; header_4_2_font_size_tablet=&#8221;60px&#8221; header_5_2_font_size_tablet=&#8221;60px&#8221; header_6_2_font_size_tablet=&#8221;60px&#8221; header_2_2_font_size_phone=&#8221;30px&#8221; header_3_2_font_size_phone=&#8221;30px&#8221; header_4_2_font_size_phone=&#8221;30px&#8221; header_5_2_font_size_phone=&#8221;30px&#8221; header_6_2_font_size_phone=&#8221;30px&#8221; header_2_2_font_size_last_edited=&#8221;on|phone&#8221; header_3_2_font_size_last_edited=&#8221;on|phone&#8221; header_4_2_font_size_last_edited=&#8221;on|phone&#8221; header_5_2_font_size_last_edited=&#8221;on|phone&#8221; header_6_2_font_size_last_edited=&#8221;on|phone&#8221; filter_opacity=&#8221;50%&#8221; filter_invert=&#8221;27%&#8221; sticky_enabled=&#8221;0&#8243;]<\/p>\n<h2>conto de min&#8230;<\/h2>\n<p>[\/et_pb_text][\/et_pb_column][\/et_pb_row][et_pb_row column_structure=&#8221;1_4,1_4,1_4,1_4&#8243; _builder_version=&#8221;4.4.5&#8243;][et_pb_column type=&#8221;1_4&#8243; _builder_version=&#8221;4.4.5&#8243;][et_pb_image src=&#8221;https:\/\/www.santivazquez.com\/wp-content\/uploads\/2021\/07\/freelance-writer-13.png&#8221; title_text=&#8221;freelance-writer-13&#8243; _builder_version=&#8221;4.4.5&#8243; custom_margin=&#8221;||10px||false|false&#8221; locked=&#8221;off&#8221;][\/et_pb_image][et_pb_text _builder_version=&#8221;4.4.5&#8243; text_font=&#8221;Ubuntu||||||||&#8221; text_line_height=&#8221;1.8em&#8221; header_3_font=&#8221;Ubuntu|700|||||||&#8221; header_3_font_size=&#8221;18px&#8221; header_3_line_height=&#8221;1.4em&#8221;]<\/p>\n<h3>O MEU CURR\u00cdCULO<\/h3>\n<p>Curabitur arcu erat, accumsan id imperdiet et, porttitor at sem. Nulla quis lorem ut libero.<\/p>\n<p>[\/et_pb_text][\/et_pb_column][et_pb_column type=&#8221;1_4&#8243; _builder_version=&#8221;4.4.5&#8243;][et_pb_image src=&#8221;https:\/\/www.santivazquez.com\/wp-content\/uploads\/2021\/07\/freelance-writer-13.png&#8221; title_text=&#8221;freelance-writer-13&#8243; _builder_version=&#8221;4.4.5&#8243; custom_margin=&#8221;||10px||false|false&#8221; locked=&#8221;off&#8221;][\/et_pb_image][et_pb_text _builder_version=&#8221;4.4.5&#8243; text_font=&#8221;Ubuntu||||||||&#8221; text_line_height=&#8221;1.8em&#8221; header_3_font=&#8221;Ubuntu|700|||||||&#8221; header_3_font_size=&#8221;18px&#8221; header_3_line_height=&#8221;1.4em&#8221; locked=&#8221;off&#8221;]<\/p>\n<h3>AFICI\u00d3NS PERSOAIS<\/h3>\n<p>Curabitur arcu erat, accumsan id imperdiet et, porttitor at sem. Nulla quis lorem ut libero.<\/p>\n<p>[\/et_pb_text][\/et_pb_column][et_pb_column type=&#8221;1_4&#8243; _builder_version=&#8221;4.4.5&#8243;][et_pb_image src=&#8221;https:\/\/www.santivazquez.com\/wp-content\/uploads\/2021\/07\/freelance-writer-13.png&#8221; title_text=&#8221;freelance-writer-13&#8243; _builder_version=&#8221;4.4.5&#8243; custom_margin=&#8221;||10px||false|false&#8221; locked=&#8221;off&#8221;][\/et_pb_image][et_pb_text _builder_version=&#8221;4.4.5&#8243; text_font=&#8221;Ubuntu||||||||&#8221; text_line_height=&#8221;1.8em&#8221; header_3_font=&#8221;Ubuntu|700|||||||&#8221; header_3_font_size=&#8221;18px&#8221; header_3_line_height=&#8221;1.4em&#8221; locked=&#8221;off&#8221;]<\/p>\n<h3>Que ando a liar?<\/h3>\n<p>&nbsp;<\/p>\n<p>[\/et_pb_text][\/et_pb_column][et_pb_column type=&#8221;1_4&#8243; _builder_version=&#8221;4.4.5&#8243;][et_pb_image src=&#8221;https:\/\/www.santivazquez.com\/wp-content\/uploads\/2021\/07\/freelance-writer-13.png&#8221; title_text=&#8221;freelance-writer-13&#8243; _builder_version=&#8221;4.4.5&#8243; custom_margin=&#8221;||10px||false|false&#8221; locked=&#8221;off&#8221;][\/et_pb_image][et_pb_text _builder_version=&#8221;4.4.5&#8243; text_font=&#8221;Ubuntu||||||||&#8221; text_line_height=&#8221;1.8em&#8221; header_3_font=&#8221;Ubuntu|700|||||||&#8221; header_3_font_size=&#8221;18px&#8221; header_3_line_height=&#8221;1.4em&#8221; locked=&#8221;off&#8221;]<\/p>\n<h3>Eget Tincidunt<\/h3>\n<p>Curabitur arcu erat, accumsan id imperdiet et, porttitor at sem. Nulla quis lorem ut libero.<\/p>\n<p>[\/et_pb_text][\/et_pb_column][\/et_pb_row][et_pb_row _builder_version=&#8221;4.4.5&#8243;][et_pb_column type=&#8221;4_4&#8243; _builder_version=&#8221;4.4.5&#8243;][et_pb_button button_text=&#8221;How It Works&#8221; button_alignment=&#8221;center&#8221; _builder_version=&#8221;4.4.5&#8243; custom_button=&#8221;on&#8221; button_text_size=&#8221;14px&#8221; button_text_color=&#8221;#ff4200&#8243; button_bg_color=&#8221;#ffffff&#8221; button_border_color=&#8221;#000000&#8243; button_border_radius=&#8221;0px&#8221; button_letter_spacing=&#8221;2px&#8221; button_font=&#8221;Ubuntu|700||on|||||&#8221; button_icon=&#8221;%%3%%&#8221; custom_padding=&#8221;15px|40px|15px|40px|true|true&#8221; box_shadow_style=&#8221;preset4&#8243; box_shadow_color=&#8221;#000000&#8243; locked=&#8221;off&#8221;][\/et_pb_button][\/et_pb_column][\/et_pb_row][\/et_pb_section][et_pb_section fb_built=&#8221;1&#8243; admin_label=&#8221;Blog&#8221; _builder_version=&#8221;4.9.10&#8243; locked=&#8221;off&#8221;][et_pb_row _builder_version=&#8221;4.4.5&#8243; locked=&#8221;off&#8221;][et_pb_column type=&#8221;4_4&#8243; _builder_version=&#8221;4.4.5&#8243;][et_pb_image src=&#8221;https:\/\/www.santivazquez.com\/wp-content\/uploads\/2021\/07\/freelance-writer-07.png&#8221; title_text=&#8221;freelance-writer-07&#8243; align=&#8221;center&#8221; _builder_version=&#8221;4.4.5&#8243; custom_margin=&#8221;||10px||false|false&#8221; locked=&#8221;off&#8221;][\/et_pb_image][et_pb_text _builder_version=&#8221;4.9.10&#8243; header_2_font=&#8221;Cutive Mono||||||||&#8221; header_2_text_color=&#8221;#000000&#8243; header_2_font_size=&#8221;80px&#8221; header_2_letter_spacing=&#8221;-0.08em&#8221; background_image=&#8221;https:\/\/www.santivazquez.com\/wp-content\/uploads\/2021\/07\/freelance-writer-18.png&#8221; background_size=&#8221;initial&#8221; background_position=&#8221;bottom_center&#8221; z_index=&#8221;1&#8243; text_orientation=&#8221;center&#8221; hover_enabled=&#8221;0&#8243; header_2_font_size_tablet=&#8221;60px&#8221; header_2_font_size_phone=&#8221;30px&#8221; header_2_font_size_last_edited=&#8221;on|desktop&#8221; header_2_letter_spacing_tablet=&#8221;-6px&#8221; header_2_letter_spacing_last_edited=&#8221;off|phone&#8221; locked=&#8221;off&#8221; header_2_2_font_size_tablet=&#8221;60px&#8221; header_3_2_font_size_tablet=&#8221;60px&#8221; header_4_2_font_size_tablet=&#8221;60px&#8221; header_5_2_font_size_tablet=&#8221;60px&#8221; header_6_2_font_size_tablet=&#8221;60px&#8221; header_2_2_font_size_phone=&#8221;30px&#8221; header_3_2_font_size_phone=&#8221;30px&#8221; header_4_2_font_size_phone=&#8221;30px&#8221; header_5_2_font_size_phone=&#8221;30px&#8221; header_6_2_font_size_phone=&#8221;30px&#8221; header_2_2_font_size_last_edited=&#8221;on|phone&#8221; header_3_2_font_size_last_edited=&#8221;on|phone&#8221; header_4_2_font_size_last_edited=&#8221;on|phone&#8221; header_5_2_font_size_last_edited=&#8221;on|phone&#8221; header_6_2_font_size_last_edited=&#8221;on|phone&#8221; filter_hue_rotate=&#8221;181deg&#8221; filter_invert=&#8221;4%&#8221; filter_opacity=&#8221;71%&#8221; sticky_enabled=&#8221;0&#8243;]<\/p>\n<h2>\u00daltimas do blogue<\/h2>\n<p>[\/et_pb_text][et_pb_text _builder_version=&#8221;4.9.10&#8243; _module_preset=&#8221;default&#8221;]<\/p>\n<p style=\"text-align: center;\">De cando en vez trato de escribir sobre temas que me andan pola cabeza. Aqu\u00ed podes ver algunha das mi\u00f1as \u00faltimas inquedanzas.<\/p>\n<p>[\/et_pb_text][\/et_pb_column][\/et_pb_row][et_pb_row use_custom_gutter=&#8221;on&#8221; gutter_width=&#8221;2&#8243; _builder_version=&#8221;4.4.5&#8243; custom_padding=&#8221;||0px|||&#8221;][et_pb_column type=&#8221;4_4&#8243; _builder_version=&#8221;4.4.5&#8243;][et_pb_blog fullwidth=&#8221;off&#8221; posts_number=&#8221;3&#8243; show_author=&#8221;off&#8221; show_categories=&#8221;off&#8221; show_pagination=&#8221;off&#8221; _builder_version=&#8221;4.4.5&#8243; header_font=&#8221;Ubuntu|700|||||||&#8221; header_line_height=&#8221;1.4em&#8221; body_font=&#8221;Ubuntu||||||||&#8221; body_line_height=&#8221;1.8em&#8221; meta_font=&#8221;|600|||||||&#8221; pagination_font=&#8221;Ubuntu||||||||&#8221; pagination_text_color=&#8221;#FF4200&#8243; pagination_font_size=&#8221;16px&#8221; border_width_all=&#8221;0px&#8221;][\/et_pb_blog][et_pb_button button_text=&#8221;Read More&#8221; button_alignment=&#8221;center&#8221; _builder_version=&#8221;4.4.5&#8243; custom_button=&#8221;on&#8221; button_text_size=&#8221;14px&#8221; button_text_color=&#8221;#ff4200&#8243; button_bg_color=&#8221;#ffffff&#8221; button_border_color=&#8221;#000000&#8243; button_border_radius=&#8221;0px&#8221; button_letter_spacing=&#8221;2px&#8221; button_font=&#8221;Ubuntu|700||on|||||&#8221; button_icon=&#8221;%%3%%&#8221; custom_padding=&#8221;15px|40px|15px|40px|true|true&#8221; box_shadow_style=&#8221;preset4&#8243; box_shadow_color=&#8221;#000000&#8243; locked=&#8221;off&#8221;][\/et_pb_button][\/et_pb_column][\/et_pb_row][\/et_pb_section]<\/p>\n","protected":false},"excerpt":{"rendered":"<p>Santi V\u00e1zquez M\u00fasico, docente, pai &#8230; e unhas &#8220;poucas&#8221; cousas m\u00e1is. FollowFollowFollow Benvido ao meu site. Ch\u00e1manme Santi e &#8230; Levo dende os doce anos de idade pegado a un tromb\u00f3n, instrumento sen o que non se entender\u00eda quen son hoxe nin como cheguei ata aqu\u00ed. &#8230;actualmente son: Profe de m\u00fasica&#8230; Este curso tocoume ser [&hellip;]<\/p>\n","protected":false},"author":1,"featured_media":0,"parent":0,"menu_order":0,"comment_status":"closed","ping_status":"closed","template":"","meta":{"_et_pb_use_builder":"on","_et_pb_old_content":"","_et_gb_content_width":"","footnotes":""},"class_list":["post-10","page","type-page","status-publish","hentry"],"_links":{"self":[{"href":"https:\/\/www.santivazquez.com\/index.php\/wp-json\/wp\/v2\/pages\/10","targetHints":{"allow":["GET"]}}],"collection":[{"href":"https:\/\/www.santivazquez.com\/index.php\/wp-json\/wp\/v2\/pages"}],"about":[{"href":"https:\/\/www.santivazquez.com\/index.php\/wp-json\/wp\/v2\/types\/page"}],"author":[{"embeddable":true,"href":"https:\/\/www.santivazquez.com\/index.php\/wp-json\/wp\/v2\/users\/1"}],"replies":[{"embeddable":true,"href":"https:\/\/www.santivazquez.com\/index.php\/wp-json\/wp\/v2\/comments?post=10"}],"version-history":[{"count":14,"href":"https:\/\/www.santivazquez.com\/index.php\/wp-json\/wp\/v2\/pages\/10\/revisions"}],"predecessor-version":[{"id":67,"href":"https:\/\/www.santivazquez.com\/index.php\/wp-json\/wp\/v2\/pages\/10\/revisions\/67"}],"wp:attachment":[{"href":"https:\/\/www.santivazquez.com\/index.php\/wp-json\/wp\/v2\/media?parent=10"}],"curies":[{"name":"wp","href":"https:\/\/api.w.org\/{rel}","templated":true}]}}